59 divide 102030370?
False
Does 15 divide 166490251?
False
Does 206 divide 1001325072?
False
Does 388 divide 3980492?
True
Does 49 divide 111826232?
True
Is 116 a factor of 109585805?
False
Is 67170201 a multiple of 21?
True
Does 4 divide 2169488?
True
Is 316 a factor of 1081097620?
True
Is 68 a factor of 387483992?
True
Is 2283 a factor of 263471898?
True
Does 20 divide 1038605060?
True
Does 6 divide 56622098?
False
Does 17 divide 17539070?
True
Is 174 a factor of 2338425846?
True
Does 2412 divide 195258636?
True
Is 35 a factor of 70441673?
False
Is 185470822 a multiple of 87?
False
Is 67234069 a multiple of 15?
False
Is 982854409 a multiple of 7484?
False
Does 230 divide 990535218?
False
Does 8 divide 1809392?
True
Is 463880296 a multiple of 44?
True
Is 8 a factor of 1094190?
False
Is 1739 a factor of 1942701485?
False
Is 188718566 even?
True
Is 10335108 a multiple of 12?
True
Is 306865963 a multiple of 51?
False
Is 137 a factor of 174442674?
False
Is 14 a factor of 1113922558?
True
Is 8322562 a multiple of 878?
True
Is 509814130 a multiple of 98?
True
Does 309 divide 7371195?
True
Is 1298 a factor of 5396741857?
False
Does 39 divide 86812128?
True
Does 36 divide 134415708?
False
Does 1230 divide 2237331729?
False
Is 43198806 a multiple of 1861?
False
Is 210 a factor of 1505691600?
True
Is 6 a factor of 160100604?
True
Does 376 divide 9081152?
True
Is 14 a factor of 107599220?
False
Does 2390 divide 311260332?
False
Is 590 a factor of 26179480?
True
Does 33 divide 414818525?
False
Does 2179 divide 699352229?
True
Is 20798636 a multiple of 307?
True
Is 3370534030 a multiple of 23?
False
Does 259 divide 28653852?
False
Does 308 divide 40824887?
False
Is 2 a factor of 94694870?
True
Is 582660959 a multiple of 2583?
False
Is 352742290 a multiple of 394?
True
Is 194 a factor of 529664449?
False
Is 1251 a factor of 438073048?
False
Does 5 divide 27494779?
False
Does 169 divide 356987488?
True
Is 5 a factor of 578119892?
False
Is 20007250 a multiple of 472?
False
Does 2889 divide 3465931?
False
Is 29 a factor of 31698509?
False
Is 11 a factor of 140427388?
False
Is 10313055 a multiple of 45?
True
Is 5853168 a multiple of 3?
True
Is 83 a factor of 33805319?
True
Does 337 divide 548266648?
True
Is 17504748 a multiple of 81?
True
Is 64845069 a multiple of 161?
False
Is 55370508 a multiple of 2306?
False
Is 136 a factor of 50874680?
False
Is 4132212 a multiple of 99?
False
Does 19 divide 16453536?
False
Is 696080474 a multiple of 14?
False
Is 140 a factor of 340244?
False
Is 757 a factor of 113711998?
True
Does 826 divide 5641057968?
True
Is 71 a factor of 20672289?
True
Does 3533 divide 1993500?
False
Is 479191869 a multiple of 9?
True
Is 8 a factor of 11173040?
True
Is 713573252 a multiple of 3844?
True
Is 998 a factor of 34428006?
True
Is 9 a factor of 8739373?
False
Does 37 divide 468132790?
False
Is 819 a factor of 98557272?
False
Does 9 divide 4018014?
True
Does 1041 divide 87124413?
True
Is 260890828 a multiple of 2402?
True
Is 4215020 a multiple of 3?
False
Is 108 a factor of 449302086?
False
Is 99931076 a multiple of 28?
True
Is 2947520816 a multiple of 2693?
True
Is 275574426 a multiple of 210?
False
Is 1811 a factor of 240053306?
False
Is 6146998 a multiple of 25?
False
Is 1516 a factor of 8365654?
False
Does 989 divide 778251681?
False
Is 1066936390 a multiple of 26?
True
Does 737 divide 338966936?
True
Is 97 a factor of 548403869?
False
Is 444 a factor of 8566862?
False
Does 45 divide 528507773?
False
Is 16984608 a multiple of 42?
False
Does 193 divide 562651742?
True
Is 38 a factor of 74059243?
False
Is 133972039 a multiple of 11?
False
Does 16 divide 113116880?
True
Does 548 divide 185623492?
True
Is 30957920 a multiple of 280?
True
Is 167668020 a multiple of 130?
True
Is 1151127625 a multiple of 311?
True
Does 167 divide 242337374?
True
Is 146 a factor of 1008037144?
True
Does 32 divide 2547827?
False
Is 1102472565 a multiple of 1465?
True
Does 892 divide 234484500?
True
Is 3140 a factor of 49700015?
False
Is 2 a factor of 25002211?
False
Does 17 divide 9506253?
False
Is 556 a factor of 848051699?
False
Does 33 divide 2548686?
False
Does 75 divide 39513225?
True
Is 1828 a factor of 169748304?
False
Is 4 a factor of 60676644?
True
Is 154 a factor of 48785441?
False
Is 1059389707 a multiple of 1919?
True
Does 867 divide 48235545?
True
Does 34 divide 171249262?
True
Is 1391042643 a multiple of 22?
False
Does 38 divide 191052524?
True
Does 3564 divide 1564036106?
False
Is 1423 a factor of 1589616224?
True
Is 4586 a factor of 1229848247?
False
Is 51007937 a multiple of 14?
False
Is 3 a factor of 41086253?
False
Does 7022 divide 685898652?
False
Is 219 a factor of 135818325?
True
Is 352705630 a multiple of 128?
False
Does 11 divide 2051544?
True
Is 122 a factor of 35024980?
True
Is 60475796 a multiple of 64?
False
Is 13658289 a multiple of 41?
True
Does 814 divide 551347574?
False
Does 67 divide 164377924?
False
Does 215 divide 22838793?
False
Is 19542861 a multiple of 629?
False
Does 54 divide 62260596?
True
Does 157 divide 1105409621?
False
Does 7 divide 81325531?
True
Does 7916 divide 885454138?
False
Is 8 a factor of 447696?
True
Is 26041131 a multiple of 1719?
True
Is 118 a factor of 38011343?
False
Does 79 divide 32203941?
False
Does 125 divide 160042630?
False
Is 53 a factor of 103582140?
True
Does 543 divide 51765559?
False
Is 80728134 a multiple of 167?
True
Is 710248139 a multiple of 119?
False
Is 239 a factor of 996213?
False
Is 3021 a factor of 26844413?
False
Does 9 divide 644655688?
False
Does 4 divide 36760192?
True
Is 49 a factor of 45150314?
False
Is 123 a factor of 18164886?
True
Is 41362852 a multiple of 268?
True
Is 3844 a factor of 169922146?
False
Is 103913455 a multiple of 155?
False
Does 28 divide 798068262?
False
Is 65 a factor of 173189770?
True
Is 226950920 a multiple of 7?
True
Is 6 a factor of 99842681?
False
Is 7 a factor of 31489161?
False
Is 23226588 a multiple of 1596?
True
Is 743 a factor of 99496616?
True
Does 235 divide 153805955?
False
Is 524 a factor of 67645327?
False
Is 34890800 a multiple of 8?
True
Does 103 divide 508798988?
True
Does 21 divide 18386245?
False
Is 259276032 a multiple of 64?
True
Is 442 a factor of 138081949?
False
Does 1477 divide 19108922?
False
Does 96 divide 1335850600?
False
Does 117 divide 3240319680?
True
Is 5 a factor of 24037840?
True
Is 1876 a factor of 1062435391?
False
Is 775622308 a multiple of 1415?
False
Is 25927162 a multiple of 902?
False
Is 10 a factor of 185857014?
False
Is 193006687 a multiple of 5471?
False
Does 59 divide 63673862?
True
Is 585950860 a multiple of 25?
False
Does 36 divide 1418782076?
False
Is 42805820 a multiple of 2020?
True
Is 68891077 a multiple of 1468?
False
Is 171229346 a multiple of 390?
False
Does 118 divide 399674918?
False
Is 13474938 a multiple of 278?
True
Is 50 a factor of 2799887150?
True
Is 14544 a factor of 2935451423?
False
Is 489 a factor of 112299606?
False
Is 246189502 a multiple of 314?
True
Is 82583546 a multiple of 206?
True
Does 1648 divide 203597872?
False
Is 945 a factor of 93992535?
True
Does 23 divide 37800290?
False
Is 225 a factor of 106618950?
True
Is 771 a factor of 305951591?
False
Does 44 divide 157701104?
True
Is 47132524 a multiple of 74?
True
Does 621 divide 1015997977?
False
Is 400 a factor of 28538694?
False
Is 83337800 a multiple of 665?
True
Is 16 a factor of 8133840?
True
Is 11 a factor of 559363345?
False
Is 10 a factor of 1260584?
False
Is 87 a factor of 23962845?
True
Is 2964366384 a multiple of 10652?
True
Is 66293285 a multiple of 124?
False
Is 13 a factor of 63724092?
False
Is 31853279 a multiple of 397?
False
Is 16 a factor of 33292432?
True
Is 339648757 a multiple of 106?
False
Does 538 divide 308101840?
True
Does 817 divide 213156117?
True
Is 238 a factor of 1181757108?
True
Does 19 divide 16763128?
False
Is 26 a factor of 60698716?
True
Is 276 a factor of 37580712?
True
Is 444246384 a multiple of 821?
True
Does 226 divide 67375212?
False
Is 58601404 a multiple of 29?
False
Is 2351631707 a multiple of 331?
False
Is 4750 a factor of 634434941?
False
Is 812 a factor of 305953808?
False
Is 283 a factor of 564839469?
False
Is 428254246 a multiple of 20?
False
Is 96 a factor of 408618936?
False
Does